{"id":115,"date":"2025-01-17T15:30:10","date_gmt":"2025-01-17T15:30:10","guid":{"rendered":"https:\/\/staging.restauraceujakuba.cz\/?page_id=115"},"modified":"2025-01-29T09:51:42","modified_gmt":"2025-01-29T09:51:42","slug":"tydenni-nabidka","status":"publish","type":"page","link":"https:\/\/restauraceujakuba.cz\/?page_id=115","title":{"rendered":"T\u00fddenn\u00ed nab\u00eddka"},"content":{"rendered":"\t\t<div data-elementor-type=\"wp-page\" data-elementor-id=\"115\" class=\"elementor elementor-115\" data-elementor-post-type=\"page\">\n\t\t\t\t<div class=\"elementor-element elementor-element-c91bcd0 e-flex e-con-boxed e-con e-parent\" data-id=\"c91bcd0\" data-element_type=\"container\">\n\t\t\t\t\t<div class=\"e-con-inner\">\n\t\t\t\t<div class=\"elementor-element elementor-element-6703ad7 elementor-widget elementor-widget-html\" data-id=\"6703ad7\" data-element_type=\"widget\" data-widget_type=\"html.default\">\n\t\t\t\t<div class=\"elementor-widget-container\">\n\t\t\t\t\t<input type=\"button\" value=\"Vytisknout\" onClick=\"window.print()\" class=\"elementor-button2\">\n\n\n<h2 id=\"printHeader\"> \nU sv. Jakuba\n<\/h2>\n\n<style>\n\n.elementor-button2, .elementor-button2:focus {\nbackground-color: var( --e-global-color-secondary );\n  font-family: \"Inter\", Sans-serif;\n  font-size: 12px;\n  font-weight: 700;\n  text-transform: uppercase;\n  font-style: normal;\n  text-decoration: none;\n  line-height: 1em;\n  letter-spacing: -0.2px;\n  word-spacing: 0px;\n  fill: #FFFFFF;\n  color: #FFFFFF;\n  border-style: solid;\n  border-width: 0px 0px 0px 0px;\n  border-color: #E23125;\n  border-radius: 00px 00px 00px 00px;\n  padding: 20px 40px;\n  \n}\n\n    \n .elementor-button2:hover {  \n    background-color: #F9E0E2;\n  color: var( --e-global-color-secondary );\n  border-color: #E23125;\n}\n\n\n#printHeader {\n    display: none;\n}\n\n@media print {\n  .elementor-element-4d4abd2d,\n  footer, .elementor-button2 {\n    display: none !important;\n  }\n  \n  \n  \n#printHeader {\n    text-align: center;\n    display: block;\n    font-weight: 800;\n    font-size: 40px;\n    margin: 0px;\n}\n\n.page-header {\n    display: none !important;\n}\n\nh1 {\n    text-align: center;\n    margin: 0px;\n}\n\n.mt-8, h3 {\n    margin: 0px !important;\n} \n\n.font-semibold {\n    font-weight: 400 !important;\n}\n\n\n.mk-table__day-heading {\n    font-size: 15px !important;\n    font-weight: 800 !important;\n}\n\ntable {\n    border-collapse:collapse !important; \n    table-layout:auto !important; \n    width:100% !important;\n\n}\n\n\n.whitespace-nowrap {\n  white-space: break-spaces !important;\n}\n\ntable td {\n\n\n       padding: 2px !important;\n       \n       white-space: normal !important; \n    word-wrap: break-word !important;  \n    overflow-wrap: break-word !important;\n       \n   }\n\n\n}\n\n<\/style>\n\n\n<script>\nwindow.addEventListener('load', function() {\n    const tdElements = document.querySelectorAll('td');\n\n    tdElements.forEach(function(td) {\n        td.textContent = td.textContent.trim();\n    });\n});\n<\/script>\t\t\t\t<\/div>\n\t\t\t\t<\/div>\n\t\t\t\t<div class=\"elementor-element elementor-element-4d4aa6e elementor-widget elementor-widget-shortcode\" data-id=\"4d4aa6e\" data-element_type=\"widget\" data-widget_type=\"shortcode.default\">\n\t\t\t\t<div class=\"elementor-widget-container\">\n\t\t\t\t\t\n\t<style>\n\t\t.-mx-4 {\n\t\t\tmargin-left: -1rem;\n\t\t\tmargin-right: -1rem;\n\t\t}\n\t\t.-my-2 {\n\t\t\tmargin-top: -0.5rem;\n\t\t\tmargin-bottom: -0.5rem;\n\t\t}\n\t\ttable .bg-white\n\t\t{\n\t\t\tbackground-color: #fff!important;\n\t\t}\n\t\t.mt-8 {\n\t\t\tmargin-top: 2rem;\n\t\t}\n\t\t.inline-block {\n\t\t\tdisplay: inline-block;\n\t\t}\n\t\t.table {\n\t\t\tdisplay: table;\n\t\t}\n\t\t.flow-root {\n\t\t\tdisplay: flow-root;\n\t\t}\n\t\t.w-1\\\/2 {\n\t\t\twidth: 50%;\n\t\t}\n\t\t.text-black{\n\t\t\tcolor: #000;\n\t\t}\n\t\t.min-w-full {\n\t\t\tmin-width: 100%;\n\t\t}\n\t\t.overflow-x-auto {\n\t\t\toverflow-x: auto;\n\t\t}\n\t\t.whitespace-nowrap {\n\t\t\twhite-space: nowrap;\n\t\t}\n\t\t.border-t {\n\t\t\tborder-top-width: 1px;\n\t\t}\n\t\t.border-gray-300 {\n\t\t\t--tw-border-opacity: 1;\n\t\t\tborder-color: rgb(209 213 219 \/ var(--tw-border-opacity, 1));\n\t\t}\n\t\t.bg-white {\n\t\t\t--tw-bg-opacity: 1;\n\t\t\tbackground-color: rgb(255 255 255 \/ var(--tw-bg-opacity, 1));\n\t\t}\n\t\t.px-3 {\n\t\t\tpadding-left: 0.75rem;\n\t\t\tpadding-right: 0.75rem;\n\t\t}\n\t\t.px-4 {\n\t\t\tpadding-left: 1rem;\n\t\t\tpadding-right: 1rem;\n\t\t}\n\t\t.py-2 {\n\t\t\tpadding-top: 0.5rem;\n\t\t\tpadding-bottom: 0.5rem;\n\t\t}\n\t\t.py-4 {\n\t\t\tpadding-top: 1rem;\n\t\t\tpadding-bottom: 1rem;\n\t\t}\n\t\t.text-left {\n\t\t\ttext-align: left;\n\t\t}\n\t\t.text-right {\n\t\t\ttext-align: right;\n\t\t}\n\t\t.align-middle {\n\t\t\tvertical-align: middle;\n\t\t}\n\t\t.text-base {\n\t\t\tfont-size: 1rem;\n\t\t\tline-height: 1.5rem;\n\t\t}\n\t\t.text-sm {\n\t\t\tfont-size: 0.875rem;\n\t\t\tline-height: 1.25rem;\n\t\t}\n\t\t.font-bold {\n\t\t\tfont-weight: 700;\n\t\t}\n\t\t.font-semibold {\n\t\t\tfont-weight: 600;\n\t\t}\n\t\t.text-gray-500 {\n\t\t\t--tw-text-opacity: 1;\n\t\t\tcolor: rgb(107 114 128 \/ var(--tw-text-opacity, 1));\n\t\t}\n\t\t.text-gray-900 {\n\t\t\t--tw-text-opacity: 1;\n\t\t\tcolor: rgb(17 24 39 \/ var(--tw-text-opacity, 1));\n\t\t}\n\t\t@media (min-width: 640px) {\n\t\t\t.sm\\:-mx-6 {\n\t\t\t\tmargin-left: -1.5rem;\n\t\t\t\tmargin-right: -1.5rem;\n\t\t\t}\n\t\t\t.sm\\:flex {\n\t\t\t\tdisplay: flex;\n\t\t\t}\n\t\t\t.sm\\:flex-auto {\n\t\t\t\tflex: 1 1 auto;\n\t\t\t}\n\t\t\t.sm\\:items-center {\n\t\t\t\talign-items: center;\n\t\t\t}\n\t\t\t.sm\\:px-6 {\n\t\t\t\tpadding-left: 1.5rem;\n\t\t\t\tpadding-right: 1.5rem;\n\t\t\t}\n\t\t}\n\t\t@media (min-width: 1024px) {\n\t\t\t.lg\\:-mx-8 {\n\t\t\t\tmargin-left: -2rem;\n\t\t\t\tmargin-right: -2rem;\n\t\t\t}\n\t\t\t.lg\\:px-8 {\n\t\t\t\tpadding-left: 2rem;\n\t\t\t\tpadding-right: 2rem;\n\t\t\t}\n\t\t}\n\t\t.mk-table__day-heading{\n\t\t\tfont-size: 1.5rem;\n\t\t}\n\t\t.px-0 {\n\t\t\tpadding-left: 0;\n\t\t\tpadding-right: 0;\n\t\t}\n\t<\/style>\n\t<div class=\"px-4 sm:px-6 lg:px-8\">\n\t\t<div class=\"sm:flex sm:items-center\">\n\t\t\t<div class=\"sm:flex-auto\">\n\t\t\t\t<h1 class=\"text-base font-semibold text-gray-900\">Datum j\u00eddeln\u00ed\u010dku 27.04.2026 - 03.05.2026<\/h1>\n\t\t\t<\/div>\n\t\t<\/div>\n\t\t\t\t\t<div class=\"mt-8 flow-root\">\n\t\t\t\t<div class=\"-mx-4 -my-2 overflow-x-auto sm:-mx-6 lg:-mx-8\">\n\t\t\t\t\t<div class=\"inline-block min-w-full py-2 align-middle sm:px-6 lg:px-8\">\n\t\t\t\t\t\t<table class=\"\">\n\t\t\t\t\t\t\t<tbody class=\"bg-white\">\n\t\t\t\t\t\t\t<tr>\n\t\t\t\t\t\t\t\t<td class=\"whitespace-nowrap bg-white px-0 font-bold py-4 text-sm text-left text-black\" style=\"border:none\">\n\t\t\t\t\t\t\t\t\t<h3 class=\"mk-table__day-heading\">Pond\u011bl\u00ed 27.04.2026 <\/h3>\n\t\t\t\t\t\t\t\t<\/td>\n\t\t\t\t\t\t\t<\/tr>\n\t\t\t\t\t\t\t<\/tbody>\n\t\t\t\t\t\t\t\t\t\t\t\t\t\t\t<tbody class=\"bg-white\">\n\t\t\t\t\t\t\t\t<tr class=\"border-t border-gray-300\">\n\t\t\t\t\t\t\t\t\t<td class=\"whitespace-nowrap bg-white px-3 py-4 text-sm text-left text-black\">\n\t\t\t\t\t\t\t\t\t\t1. Zeln\u00e1 pol\u00e9vka se zakysanou smetanou; Alergeny:1,3,7\t\t\t\t\t\t\t\t\t<\/td>\n\t\t\t\t\t\t\t\t\t<td class=\"whitespace-nowrap bg-white px-3 py-4 text-sm text-right text-black\">\n\t\t\t\t\t\t\t\t\t\tPol\u00e9vka 1\t\t\t\t\t\t\t\t\t<\/td>\n\t\t\t\t\t\t\t\t\t<td class=\"whitespace-nowrap bg-white px-3 py-4 text-sm text-right text-black\">\n\t\t\t\t\t\t\t\t\t\t64,00\u00a0K\u010d<\/td>\n\t\t\t\t\t\t\t\t<\/tr>\n\t\t\t\t\t\t\t\t<\/tbody>\n\t\t\t\t\t\t\t\t\t\t\t\t\t\t\t\t<tbody class=\"bg-white\">\n\t\t\t\t\t\t\t\t<tr class=\"border-t border-gray-300\">\n\t\t\t\t\t\t\t\t\t<td class=\"whitespace-nowrap bg-white px-3 py-4 text-sm text-left text-black\">\n\t\t\t\t\t\t\t\t\t\t2. Ku\u0159ec\u00ed stehenn\u00ed steak zape\u010den\u00fd nivou a raj\u010daty, ope\u010den\u00e9 brambory; Alergeny:1,3,7\t\t\t\t\t\t\t\t\t<\/td>\n\t\t\t\t\t\t\t\t\t<td class=\"whitespace-nowrap bg-white px-3 py-4 text-sm text-right text-black\">\n\t\t\t\t\t\t\t\t\t\tMenu 1\t\t\t\t\t\t\t\t\t<\/td>\n\t\t\t\t\t\t\t\t\t<td class=\"whitespace-nowrap bg-white px-3 py-4 text-sm text-right text-black\">\n\t\t\t\t\t\t\t\t\t\t164,00\u00a0K\u010d<\/td>\n\t\t\t\t\t\t\t\t<\/tr>\n\t\t\t\t\t\t\t\t<\/tbody>\n\t\t\t\t\t\t\t\t\t\t\t\t\t\t\t\t<tbody class=\"bg-white\">\n\t\t\t\t\t\t\t\t<tr class=\"border-t border-gray-300\">\n\t\t\t\t\t\t\t\t\t<td class=\"whitespace-nowrap bg-white px-3 py-4 text-sm text-left text-black\">\n\t\t\t\t\t\t\t\t\t\t3. Seged\u00ednsk\u00fd gul\u00e1\u0161, houskov\u00fd knedl\u00edk; Alergeny:1,3,7\t\t\t\t\t\t\t\t\t<\/td>\n\t\t\t\t\t\t\t\t\t<td class=\"whitespace-nowrap bg-white px-3 py-4 text-sm text-right text-black\">\n\t\t\t\t\t\t\t\t\t\tMenu 2\t\t\t\t\t\t\t\t\t<\/td>\n\t\t\t\t\t\t\t\t\t<td class=\"whitespace-nowrap bg-white px-3 py-4 text-sm text-right text-black\">\n\t\t\t\t\t\t\t\t\t\t149,00\u00a0K\u010d<\/td>\n\t\t\t\t\t\t\t\t<\/tr>\n\t\t\t\t\t\t\t\t<\/tbody>\n\t\t\t\t\t\t\t\t\t\t\t\t\t\t\t\t<tbody class=\"bg-white\">\n\t\t\t\t\t\t\t\t<tr class=\"border-t border-gray-300\">\n\t\t\t\t\t\t\t\t\t<td class=\"whitespace-nowrap bg-white px-3 py-4 text-sm text-left text-black\">\n\t\t\t\t\t\t\t\t\t\t4. Linguinni se \u0161pen\u00e1tem a feta s\u00fdrem; Alergeny:1,3,7\t\t\t\t\t\t\t\t\t<\/td>\n\t\t\t\t\t\t\t\t\t<td class=\"whitespace-nowrap bg-white px-3 py-4 text-sm text-right text-black\">\n\t\t\t\t\t\t\t\t\t\tMenu 3\t\t\t\t\t\t\t\t\t<\/td>\n\t\t\t\t\t\t\t\t\t<td class=\"whitespace-nowrap bg-white px-3 py-4 text-sm text-right text-black\">\n\t\t\t\t\t\t\t\t\t\t179,00\u00a0K\u010d<\/td>\n\t\t\t\t\t\t\t\t<\/tr>\n\t\t\t\t\t\t\t\t<\/tbody>\n\t\t\t\t\t\t\t\t\t\t\t\t\t\t\t\t<tbody class=\"bg-white\">\n\t\t\t\t\t\t\t\t<tr class=\"border-t border-gray-300\">\n\t\t\t\t\t\t\t\t\t<td class=\"whitespace-nowrap bg-white px-3 py-4 text-sm text-left text-black\">\n\t\t\t\t\t\t\t\t\t\t5. Idurar; Alergeny:1,3,7\t\t\t\t\t\t\t\t\t<\/td>\n\t\t\t\t\t\t\t\t\t<td class=\"whitespace-nowrap bg-white px-3 py-4 text-sm text-right text-black\">\n\t\t\t\t\t\t\t\t\t\tMenu 4\t\t\t\t\t\t\t\t\t<\/td>\n\t\t\t\t\t\t\t\t\t<td class=\"whitespace-nowrap bg-white px-3 py-4 text-sm text-right text-black\">\n\t\t\t\t\t\t\t\t\t\t169,00\u00a0K\u010d<\/td>\n\t\t\t\t\t\t\t\t<\/tr>\n\t\t\t\t\t\t\t\t<\/tbody>\n\t\t\t\t\t\t\t\t\t\t\t\t\t\t<\/table>\n\t\t\t\t\t<\/div>\n\t\t\t\t<\/div>\n\t\t\t<\/div>\n\t\t\t\t\t<div class=\"mt-8 flow-root\">\n\t\t\t\t<div class=\"-mx-4 -my-2 overflow-x-auto sm:-mx-6 lg:-mx-8\">\n\t\t\t\t\t<div class=\"inline-block min-w-full py-2 align-middle sm:px-6 lg:px-8\">\n\t\t\t\t\t\t<table class=\"\">\n\t\t\t\t\t\t\t<tbody class=\"bg-white\">\n\t\t\t\t\t\t\t<tr>\n\t\t\t\t\t\t\t\t<td class=\"whitespace-nowrap bg-white px-0 font-bold py-4 text-sm text-left text-black\" style=\"border:none\">\n\t\t\t\t\t\t\t\t\t<h3 class=\"mk-table__day-heading\">\u00dater\u00fd 28.04.2026 <\/h3>\n\t\t\t\t\t\t\t\t<\/td>\n\t\t\t\t\t\t\t<\/tr>\n\t\t\t\t\t\t\t<\/tbody>\n\t\t\t\t\t\t\t\t\t\t\t\t\t\t\t<tbody class=\"bg-white\">\n\t\t\t\t\t\t\t\t<tr class=\"border-t border-gray-300\">\n\t\t\t\t\t\t\t\t\t<td class=\"whitespace-nowrap bg-white px-3 py-4 text-sm text-left text-black\">\n\t\t\t\t\t\t\t\t\t\t1. \u010cerven\u00fd bor\u0161\u010d se zakysanou smetanou; Alergeny:1,3,7\t\t\t\t\t\t\t\t\t<\/td>\n\t\t\t\t\t\t\t\t\t<td class=\"whitespace-nowrap bg-white px-3 py-4 text-sm text-right text-black\">\n\t\t\t\t\t\t\t\t\t\tPol\u00e9vka 1\t\t\t\t\t\t\t\t\t<\/td>\n\t\t\t\t\t\t\t\t\t<td class=\"whitespace-nowrap bg-white px-3 py-4 text-sm text-right text-black\">\n\t\t\t\t\t\t\t\t\t\t54,00\u00a0K\u010d<\/td>\n\t\t\t\t\t\t\t\t<\/tr>\n\t\t\t\t\t\t\t\t<\/tbody>\n\t\t\t\t\t\t\t\t\t\t\t\t\t\t\t\t<tbody class=\"bg-white\">\n\t\t\t\t\t\t\t\t<tr class=\"border-t border-gray-300\">\n\t\t\t\t\t\t\t\t\t<td class=\"whitespace-nowrap bg-white px-3 py-4 text-sm text-left text-black\">\n\t\t\t\t\t\t\t\t\t\t2. Ma\u010farsk\u00fd gul\u00e1\u0161 z vep\u0159ov\u00e9ho masa, t\u011bstoviny; Alergeny:1,3,7\t\t\t\t\t\t\t\t\t<\/td>\n\t\t\t\t\t\t\t\t\t<td class=\"whitespace-nowrap bg-white px-3 py-4 text-sm text-right text-black\">\n\t\t\t\t\t\t\t\t\t\tMenu 1\t\t\t\t\t\t\t\t\t<\/td>\n\t\t\t\t\t\t\t\t\t<td class=\"whitespace-nowrap bg-white px-3 py-4 text-sm text-right text-black\">\n\t\t\t\t\t\t\t\t\t\t159,00\u00a0K\u010d<\/td>\n\t\t\t\t\t\t\t\t<\/tr>\n\t\t\t\t\t\t\t\t<\/tbody>\n\t\t\t\t\t\t\t\t\t\t\t\t\t\t\t\t<tbody class=\"bg-white\">\n\t\t\t\t\t\t\t\t<tr class=\"border-t border-gray-300\">\n\t\t\t\t\t\t\t\t\t<td class=\"whitespace-nowrap bg-white px-3 py-4 text-sm text-left text-black\">\n\t\t\t\t\t\t\t\t\t\t3. Ku\u0159ec\u00ed rolky pln\u011bn\u00e9 haloumi s\u00fdr a su\u0161en\u00fdmi raj\u010daty, ope\u010den\u00e9 brambory; Alergeny:1,3,7\t\t\t\t\t\t\t\t\t<\/td>\n\t\t\t\t\t\t\t\t\t<td class=\"whitespace-nowrap bg-white px-3 py-4 text-sm text-right text-black\">\n\t\t\t\t\t\t\t\t\t\tMenu 2\t\t\t\t\t\t\t\t\t<\/td>\n\t\t\t\t\t\t\t\t\t<td class=\"whitespace-nowrap bg-white px-3 py-4 text-sm text-right text-black\">\n\t\t\t\t\t\t\t\t\t\t149,00\u00a0K\u010d<\/td>\n\t\t\t\t\t\t\t\t<\/tr>\n\t\t\t\t\t\t\t\t<\/tbody>\n\t\t\t\t\t\t\t\t\t\t\t\t\t\t\t\t<tbody class=\"bg-white\">\n\t\t\t\t\t\t\t\t<tr class=\"border-t border-gray-300\">\n\t\t\t\t\t\t\t\t\t<td class=\"whitespace-nowrap bg-white px-3 py-4 text-sm text-left text-black\">\n\t\t\t\t\t\t\t\t\t\t4. \u0160pagety s tu\u0148\u00e1kem a olivami; Alergeny:1,3,7\t\t\t\t\t\t\t\t\t<\/td>\n\t\t\t\t\t\t\t\t\t<td class=\"whitespace-nowrap bg-white px-3 py-4 text-sm text-right text-black\">\n\t\t\t\t\t\t\t\t\t\tMenu 3\t\t\t\t\t\t\t\t\t<\/td>\n\t\t\t\t\t\t\t\t\t<td class=\"whitespace-nowrap bg-white px-3 py-4 text-sm text-right text-black\">\n\t\t\t\t\t\t\t\t\t\t169,00\u00a0K\u010d<\/td>\n\t\t\t\t\t\t\t\t<\/tr>\n\t\t\t\t\t\t\t\t<\/tbody>\n\t\t\t\t\t\t\t\t\t\t\t\t\t\t\t\t<tbody class=\"bg-white\">\n\t\t\t\t\t\t\t\t<tr class=\"border-t border-gray-300\">\n\t\t\t\t\t\t\t\t\t<td class=\"whitespace-nowrap bg-white px-3 py-4 text-sm text-left text-black\">\n\t\t\t\t\t\t\t\t\t\t5. Kabylia; Alergeny:1,3,7\t\t\t\t\t\t\t\t\t<\/td>\n\t\t\t\t\t\t\t\t\t<td class=\"whitespace-nowrap bg-white px-3 py-4 text-sm text-right text-black\">\n\t\t\t\t\t\t\t\t\t\tMenu 4\t\t\t\t\t\t\t\t\t<\/td>\n\t\t\t\t\t\t\t\t\t<td class=\"whitespace-nowrap bg-white px-3 py-4 text-sm text-right text-black\">\n\t\t\t\t\t\t\t\t\t\t169,00\u00a0K\u010d<\/td>\n\t\t\t\t\t\t\t\t<\/tr>\n\t\t\t\t\t\t\t\t<\/tbody>\n\t\t\t\t\t\t\t\t\t\t\t\t\t\t<\/table>\n\t\t\t\t\t<\/div>\n\t\t\t\t<\/div>\n\t\t\t<\/div>\n\t\t\t\t\t<div class=\"mt-8 flow-root\">\n\t\t\t\t<div class=\"-mx-4 -my-2 overflow-x-auto sm:-mx-6 lg:-mx-8\">\n\t\t\t\t\t<div class=\"inline-block min-w-full py-2 align-middle sm:px-6 lg:px-8\">\n\t\t\t\t\t\t<table class=\"\">\n\t\t\t\t\t\t\t<tbody class=\"bg-white\">\n\t\t\t\t\t\t\t<tr>\n\t\t\t\t\t\t\t\t<td class=\"whitespace-nowrap bg-white px-0 font-bold py-4 text-sm text-left text-black\" style=\"border:none\">\n\t\t\t\t\t\t\t\t\t<h3 class=\"mk-table__day-heading\">St\u0159eda 29.04.2026 <\/h3>\n\t\t\t\t\t\t\t\t<\/td>\n\t\t\t\t\t\t\t<\/tr>\n\t\t\t\t\t\t\t<\/tbody>\n\t\t\t\t\t\t\t\t\t\t\t\t\t\t\t<tbody class=\"bg-white\">\n\t\t\t\t\t\t\t\t<tr class=\"border-t border-gray-300\">\n\t\t\t\t\t\t\t\t\t<td class=\"whitespace-nowrap bg-white px-3 py-4 text-sm text-left text-black\">\n\t\t\t\t\t\t\t\t\t\t1. Hr\u00e1\u0161kov\u00e1 kr\u00e9mov\u00e1; Alergeny:1,3,7\t\t\t\t\t\t\t\t\t<\/td>\n\t\t\t\t\t\t\t\t\t<td class=\"whitespace-nowrap bg-white px-3 py-4 text-sm text-right text-black\">\n\t\t\t\t\t\t\t\t\t\tPol\u00e9vka 1\t\t\t\t\t\t\t\t\t<\/td>\n\t\t\t\t\t\t\t\t\t<td class=\"whitespace-nowrap bg-white px-3 py-4 text-sm text-right text-black\">\n\t\t\t\t\t\t\t\t\t\t49,00\u00a0K\u010d<\/td>\n\t\t\t\t\t\t\t\t<\/tr>\n\t\t\t\t\t\t\t\t<\/tbody>\n\t\t\t\t\t\t\t\t\t\t\t\t\t\t\t\t<tbody class=\"bg-white\">\n\t\t\t\t\t\t\t\t<tr class=\"border-t border-gray-300\">\n\t\t\t\t\t\t\t\t\t<td class=\"whitespace-nowrap bg-white px-3 py-4 text-sm text-left text-black\">\n\t\t\t\t\t\t\t\t\t\t2. Vep\u0159ov\u00e9 pl\u00e1tky v om\u00e1\u010dce s paprikou, va\u0159en\u00e9 brambory; Alergeny:1,3,7\t\t\t\t\t\t\t\t\t<\/td>\n\t\t\t\t\t\t\t\t\t<td class=\"whitespace-nowrap bg-white px-3 py-4 text-sm text-right text-black\">\n\t\t\t\t\t\t\t\t\t\tMenu 1\t\t\t\t\t\t\t\t\t<\/td>\n\t\t\t\t\t\t\t\t\t<td class=\"whitespace-nowrap bg-white px-3 py-4 text-sm text-right text-black\">\n\t\t\t\t\t\t\t\t\t\t155,00\u00a0K\u010d<\/td>\n\t\t\t\t\t\t\t\t<\/tr>\n\t\t\t\t\t\t\t\t<\/tbody>\n\t\t\t\t\t\t\t\t\t\t\t\t\t\t\t\t<tbody class=\"bg-white\">\n\t\t\t\t\t\t\t\t<tr class=\"border-t border-gray-300\">\n\t\t\t\t\t\t\t\t\t<td class=\"whitespace-nowrap bg-white px-3 py-4 text-sm text-left text-black\">\n\t\t\t\t\t\t\t\t\t\t3. Grilovan\u00fd kr\u016ft\u00ed steak, couscous sal\u00e1t; Alergeny:1,3,7\t\t\t\t\t\t\t\t\t<\/td>\n\t\t\t\t\t\t\t\t\t<td class=\"whitespace-nowrap bg-white px-3 py-4 text-sm text-right text-black\">\n\t\t\t\t\t\t\t\t\t\tMenu 2\t\t\t\t\t\t\t\t\t<\/td>\n\t\t\t\t\t\t\t\t\t<td class=\"whitespace-nowrap bg-white px-3 py-4 text-sm text-right text-black\">\n\t\t\t\t\t\t\t\t\t\t149,00\u00a0K\u010d<\/td>\n\t\t\t\t\t\t\t\t<\/tr>\n\t\t\t\t\t\t\t\t<\/tbody>\n\t\t\t\t\t\t\t\t\t\t\t\t\t\t\t\t<tbody class=\"bg-white\">\n\t\t\t\t\t\t\t\t<tr class=\"border-t border-gray-300\">\n\t\t\t\t\t\t\t\t\t<td class=\"whitespace-nowrap bg-white px-3 py-4 text-sm text-left text-black\">\n\t\t\t\t\t\t\t\t\t\t4. \u0160pagety pomodoro s bazalkov\u00fdm pestem, parmaz\u00e1n; Alergeny:1,3,7\t\t\t\t\t\t\t\t\t<\/td>\n\t\t\t\t\t\t\t\t\t<td class=\"whitespace-nowrap bg-white px-3 py-4 text-sm text-right text-black\">\n\t\t\t\t\t\t\t\t\t\tMenu 3\t\t\t\t\t\t\t\t\t<\/td>\n\t\t\t\t\t\t\t\t\t<td class=\"whitespace-nowrap bg-white px-3 py-4 text-sm text-right text-black\">\n\t\t\t\t\t\t\t\t\t\t169,00\u00a0K\u010d<\/td>\n\t\t\t\t\t\t\t\t<\/tr>\n\t\t\t\t\t\t\t\t<\/tbody>\n\t\t\t\t\t\t\t\t\t\t\t\t\t\t\t\t<tbody class=\"bg-white\">\n\t\t\t\t\t\t\t\t<tr class=\"border-t border-gray-300\">\n\t\t\t\t\t\t\t\t\t<td class=\"whitespace-nowrap bg-white px-3 py-4 text-sm text-left text-black\">\n\t\t\t\t\t\t\t\t\t\t5. Margarita; Alergeny:1,3,7\t\t\t\t\t\t\t\t\t<\/td>\n\t\t\t\t\t\t\t\t\t<td class=\"whitespace-nowrap bg-white px-3 py-4 text-sm text-right text-black\">\n\t\t\t\t\t\t\t\t\t\tMenu 4\t\t\t\t\t\t\t\t\t<\/td>\n\t\t\t\t\t\t\t\t\t<td class=\"whitespace-nowrap bg-white px-3 py-4 text-sm text-right text-black\">\n\t\t\t\t\t\t\t\t\t\t159,00\u00a0K\u010d<\/td>\n\t\t\t\t\t\t\t\t<\/tr>\n\t\t\t\t\t\t\t\t<\/tbody>\n\t\t\t\t\t\t\t\t\t\t\t\t\t\t<\/table>\n\t\t\t\t\t<\/div>\n\t\t\t\t<\/div>\n\t\t\t<\/div>\n\t\t\t\t\t<div class=\"mt-8 flow-root\">\n\t\t\t\t<div class=\"-mx-4 -my-2 overflow-x-auto sm:-mx-6 lg:-mx-8\">\n\t\t\t\t\t<div class=\"inline-block min-w-full py-2 align-middle sm:px-6 lg:px-8\">\n\t\t\t\t\t\t<table class=\"\">\n\t\t\t\t\t\t\t<tbody class=\"bg-white\">\n\t\t\t\t\t\t\t<tr>\n\t\t\t\t\t\t\t\t<td class=\"whitespace-nowrap bg-white px-0 font-bold py-4 text-sm text-left text-black\" style=\"border:none\">\n\t\t\t\t\t\t\t\t\t<h3 class=\"mk-table__day-heading\">\u010ctvrtek 30.04.2026 <\/h3>\n\t\t\t\t\t\t\t\t<\/td>\n\t\t\t\t\t\t\t<\/tr>\n\t\t\t\t\t\t\t<\/tbody>\n\t\t\t\t\t\t\t\t\t\t\t\t\t\t\t<tbody class=\"bg-white\">\n\t\t\t\t\t\t\t\t<tr class=\"border-t border-gray-300\">\n\t\t\t\t\t\t\t\t\t<td class=\"whitespace-nowrap bg-white px-3 py-4 text-sm text-left text-black\">\n\t\t\t\t\t\t\t\t\t\t1. \u017dampionov\u00e1 kr\u00e9mov\u00e1; Alergeny:1,3,7\t\t\t\t\t\t\t\t\t<\/td>\n\t\t\t\t\t\t\t\t\t<td class=\"whitespace-nowrap bg-white px-3 py-4 text-sm text-right text-black\">\n\t\t\t\t\t\t\t\t\t\tPol\u00e9vka 1\t\t\t\t\t\t\t\t\t<\/td>\n\t\t\t\t\t\t\t\t\t<td class=\"whitespace-nowrap bg-white px-3 py-4 text-sm text-right text-black\">\n\t\t\t\t\t\t\t\t\t\t59,00\u00a0K\u010d<\/td>\n\t\t\t\t\t\t\t\t<\/tr>\n\t\t\t\t\t\t\t\t<\/tbody>\n\t\t\t\t\t\t\t\t\t\t\t\t\t\t\t\t<tbody class=\"bg-white\">\n\t\t\t\t\t\t\t\t<tr class=\"border-t border-gray-300\">\n\t\t\t\t\t\t\t\t\t<td class=\"whitespace-nowrap bg-white px-3 py-4 text-sm text-left text-black\">\n\t\t\t\t\t\t\t\t\t\t2. Ku\u0159ec\u00ed nudli\u010dky se zeleninou, r\u00fd\u017ee; Alergeny:1,3,7\t\t\t\t\t\t\t\t\t<\/td>\n\t\t\t\t\t\t\t\t\t<td class=\"whitespace-nowrap bg-white px-3 py-4 text-sm text-right text-black\">\n\t\t\t\t\t\t\t\t\t\tMenu 1\t\t\t\t\t\t\t\t\t<\/td>\n\t\t\t\t\t\t\t\t\t<td class=\"whitespace-nowrap bg-white px-3 py-4 text-sm text-right text-black\">\n\t\t\t\t\t\t\t\t\t\t154,00\u00a0K\u010d<\/td>\n\t\t\t\t\t\t\t\t<\/tr>\n\t\t\t\t\t\t\t\t<\/tbody>\n\t\t\t\t\t\t\t\t\t\t\t\t\t\t\t\t<tbody class=\"bg-white\">\n\t\t\t\t\t\t\t\t<tr class=\"border-t border-gray-300\">\n\t\t\t\t\t\t\t\t\t<td class=\"whitespace-nowrap bg-white px-3 py-4 text-sm text-left text-black\">\n\t\t\t\t\t\t\t\t\t\t3. Tagliatelle s kuku\u0159ic\u00ed, \u0161unkou a smetanou; Alergeny:1,3,7\t\t\t\t\t\t\t\t\t<\/td>\n\t\t\t\t\t\t\t\t\t<td class=\"whitespace-nowrap bg-white px-3 py-4 text-sm text-right text-black\">\n\t\t\t\t\t\t\t\t\t\tMenu 3\t\t\t\t\t\t\t\t\t<\/td>\n\t\t\t\t\t\t\t\t\t<td class=\"whitespace-nowrap bg-white px-3 py-4 text-sm text-right text-black\">\n\t\t\t\t\t\t\t\t\t\t169,00\u00a0K\u010d<\/td>\n\t\t\t\t\t\t\t\t<\/tr>\n\t\t\t\t\t\t\t\t<\/tbody>\n\t\t\t\t\t\t\t\t\t\t\t\t\t\t\t\t<tbody class=\"bg-white\">\n\t\t\t\t\t\t\t\t<tr class=\"border-t border-gray-300\">\n\t\t\t\t\t\t\t\t\t<td class=\"whitespace-nowrap bg-white px-3 py-4 text-sm text-left text-black\">\n\t\t\t\t\t\t\t\t\t\t4. Capricosa; Alergeny:1,3,7\t\t\t\t\t\t\t\t\t<\/td>\n\t\t\t\t\t\t\t\t\t<td class=\"whitespace-nowrap bg-white px-3 py-4 text-sm text-right text-black\">\n\t\t\t\t\t\t\t\t\t\tMenu 4\t\t\t\t\t\t\t\t\t<\/td>\n\t\t\t\t\t\t\t\t\t<td class=\"whitespace-nowrap bg-white px-3 py-4 text-sm text-right text-black\">\n\t\t\t\t\t\t\t\t\t\t159,00\u00a0K\u010d<\/td>\n\t\t\t\t\t\t\t\t<\/tr>\n\t\t\t\t\t\t\t\t<\/tbody>\n\t\t\t\t\t\t\t\t\t\t\t\t\t\t\t\t<tbody class=\"bg-white\">\n\t\t\t\t\t\t\t\t<tr class=\"border-t border-gray-300\">\n\t\t\t\t\t\t\t\t\t<td class=\"whitespace-nowrap bg-white px-3 py-4 text-sm text-left text-black\">\n\t\t\t\t\t\t\t\t\t\t5. Holandsk\u00fd \u0159\u00edzek s uzen\u00fdm s\u00fdrem, bramborov\u00e1 ka\u0161e; Alergeny:1,3,7\t\t\t\t\t\t\t\t\t<\/td>\n\t\t\t\t\t\t\t\t\t<td class=\"whitespace-nowrap bg-white px-3 py-4 text-sm text-right text-black\">\n\t\t\t\t\t\t\t\t\t\tMenu 3\t\t\t\t\t\t\t\t\t<\/td>\n\t\t\t\t\t\t\t\t\t<td class=\"whitespace-nowrap bg-white px-3 py-4 text-sm text-right text-black\">\n\t\t\t\t\t\t\t\t\t\t154,00\u00a0K\u010d<\/td>\n\t\t\t\t\t\t\t\t<\/tr>\n\t\t\t\t\t\t\t\t<\/tbody>\n\t\t\t\t\t\t\t\t\t\t\t\t\t\t<\/table>\n\t\t\t\t\t<\/div>\n\t\t\t\t<\/div>\n\t\t\t<\/div>\n\t\t\t\t\t<div class=\"mt-8 flow-root\">\n\t\t\t\t<div class=\"-mx-4 -my-2 overflow-x-auto sm:-mx-6 lg:-mx-8\">\n\t\t\t\t\t<div class=\"inline-block min-w-full py-2 align-middle sm:px-6 lg:px-8\">\n\t\t\t\t\t\t<table class=\"\">\n\t\t\t\t\t\t\t<tbody class=\"bg-white\">\n\t\t\t\t\t\t\t<tr>\n\t\t\t\t\t\t\t\t<td class=\"whitespace-nowrap bg-white px-0 font-bold py-4 text-sm text-left text-black\" style=\"border:none\">\n\t\t\t\t\t\t\t\t\t<h3 class=\"mk-table__day-heading\">P\u00e1tek 01.05.2026 <\/h3>\n\t\t\t\t\t\t\t\t<\/td>\n\t\t\t\t\t\t\t<\/tr>\n\t\t\t\t\t\t\t<\/tbody>\n\t\t\t\t\t\t\t\t\t\t\t\t\t\t\t<tbody class=\"bg-white\">\n\t\t\t\t\t\t\t\t<tr class=\"border-t border-gray-300\">\n\t\t\t\t\t\t\t\t\t<td class=\"whitespace-nowrap bg-white px-3 py-4 text-sm text-left text-black\">\n\t\t\t\t\t\t\t\t\t\t1. Kv\u011bt\u00e1kov\u00e1 pol\u00e9vka; Alergeny:1,3,7\t\t\t\t\t\t\t\t\t<\/td>\n\t\t\t\t\t\t\t\t\t<td class=\"whitespace-nowrap bg-white px-3 py-4 text-sm text-right text-black\">\n\t\t\t\t\t\t\t\t\t\tPol\u00e9vka 1\t\t\t\t\t\t\t\t\t<\/td>\n\t\t\t\t\t\t\t\t\t<td class=\"whitespace-nowrap bg-white px-3 py-4 text-sm text-right text-black\">\n\t\t\t\t\t\t\t\t\t\t49,00\u00a0K\u010d<\/td>\n\t\t\t\t\t\t\t\t<\/tr>\n\t\t\t\t\t\t\t\t<\/tbody>\n\t\t\t\t\t\t\t\t\t\t\t\t\t\t\t\t<tbody class=\"bg-white\">\n\t\t\t\t\t\t\t\t<tr class=\"border-t border-gray-300\">\n\t\t\t\t\t\t\t\t\t<td class=\"whitespace-nowrap bg-white px-3 py-4 text-sm text-left text-black\">\n\t\t\t\t\t\t\t\t\t\t2. Sma\u017een\u00e1 treska, bramborov\u00e1 ka\u0161e; Alergeny:1,3,4,7\t\t\t\t\t\t\t\t\t<\/td>\n\t\t\t\t\t\t\t\t\t<td class=\"whitespace-nowrap bg-white px-3 py-4 text-sm text-right text-black\">\n\t\t\t\t\t\t\t\t\t\tMenu 1\t\t\t\t\t\t\t\t\t<\/td>\n\t\t\t\t\t\t\t\t\t<td class=\"whitespace-nowrap bg-white px-3 py-4 text-sm text-right text-black\">\n\t\t\t\t\t\t\t\t\t\t145,00\u00a0K\u010d<\/td>\n\t\t\t\t\t\t\t\t<\/tr>\n\t\t\t\t\t\t\t\t<\/tbody>\n\t\t\t\t\t\t\t\t\t\t\t\t\t\t\t\t<tbody class=\"bg-white\">\n\t\t\t\t\t\t\t\t<tr class=\"border-t border-gray-300\">\n\t\t\t\t\t\t\t\t\t<td class=\"whitespace-nowrap bg-white px-3 py-4 text-sm text-left text-black\">\n\t\t\t\t\t\t\t\t\t\t3. Linguinni s gyrosem a zeleninou; Alergeny:1,3,7\t\t\t\t\t\t\t\t\t<\/td>\n\t\t\t\t\t\t\t\t\t<td class=\"whitespace-nowrap bg-white px-3 py-4 text-sm text-right text-black\">\n\t\t\t\t\t\t\t\t\t\tMenu 2\t\t\t\t\t\t\t\t\t<\/td>\n\t\t\t\t\t\t\t\t\t<td class=\"whitespace-nowrap bg-white px-3 py-4 text-sm text-right text-black\">\n\t\t\t\t\t\t\t\t\t\t175,00\u00a0K\u010d<\/td>\n\t\t\t\t\t\t\t\t<\/tr>\n\t\t\t\t\t\t\t\t<\/tbody>\n\t\t\t\t\t\t\t\t\t\t\t\t\t\t\t\t<tbody class=\"bg-white\">\n\t\t\t\t\t\t\t\t<tr class=\"border-t border-gray-300\">\n\t\t\t\t\t\t\t\t\t<td class=\"whitespace-nowrap bg-white px-3 py-4 text-sm text-left text-black\">\n\t\t\t\t\t\t\t\t\t\t4. \u0160unkov\u00e1 pizza; Alergeny:1,3,7\t\t\t\t\t\t\t\t\t<\/td>\n\t\t\t\t\t\t\t\t\t<td class=\"whitespace-nowrap bg-white px-3 py-4 text-sm text-right text-black\">\n\t\t\t\t\t\t\t\t\t\tMenu 3\t\t\t\t\t\t\t\t\t<\/td>\n\t\t\t\t\t\t\t\t\t<td class=\"whitespace-nowrap bg-white px-3 py-4 text-sm text-right text-black\">\n\t\t\t\t\t\t\t\t\t\t169,00\u00a0K\u010d<\/td>\n\t\t\t\t\t\t\t\t<\/tr>\n\t\t\t\t\t\t\t\t<\/tbody>\n\t\t\t\t\t\t\t\t\t\t\t\t\t\t<\/table>\n\t\t\t\t\t<\/div>\n\t\t\t\t<\/div>\n\t\t\t<\/div>\n\t\t\t<\/div>\n\t\t\t<div class=\"elementor-shortcode\"><\/div>\n\t\t\t\t\t\t<\/div>\n\t\t\t\t<\/div>\n\t\t\t\t\t<\/div>\n\t\t\t\t<\/div>\n\t\t\t\t<\/div>\n\t\t","protected":false},"excerpt":{"rendered":"<p>U sv. Jakuba<\/p>\n","protected":false},"author":2,"featured_media":0,"parent":0,"menu_order":0,"comment_status":"closed","ping_status":"closed","template":"","meta":{"footnotes":""},"class_list":["post-115","page","type-page","status-publish","hentry"],"_links":{"self":[{"href":"https:\/\/restauraceujakuba.cz\/index.php?rest_route=\/wp\/v2\/pages\/115","targetHints":{"allow":["GET"]}}],"collection":[{"href":"https:\/\/restauraceujakuba.cz\/index.php?rest_route=\/wp\/v2\/pages"}],"about":[{"href":"https:\/\/restauraceujakuba.cz\/index.php?rest_route=\/wp\/v2\/types\/page"}],"author":[{"embeddable":true,"href":"https:\/\/restauraceujakuba.cz\/index.php?rest_route=\/wp\/v2\/users\/2"}],"replies":[{"embeddable":true,"href":"https:\/\/restauraceujakuba.cz\/index.php?rest_route=%2Fwp%2Fv2%2Fcomments&post=115"}],"version-history":[{"count":109,"href":"https:\/\/restauraceujakuba.cz\/index.php?rest_route=\/wp\/v2\/pages\/115\/revisions"}],"predecessor-version":[{"id":376,"href":"https:\/\/restauraceujakuba.cz\/index.php?rest_route=\/wp\/v2\/pages\/115\/revisions\/376"}],"wp:attachment":[{"href":"https:\/\/restauraceujakuba.cz\/index.php?rest_route=%2Fwp%2Fv2%2Fmedia&parent=115"}],"curies":[{"name":"wp","href":"https:\/\/api.w.org\/{rel}","templated":true}]}}